 14. Let v be y(-6). Let x be w(v). Let f = x + 143. Is f a prime number?
False
Suppose -30*h - 7*t - 3939196 = -35*h, 5*h - 5*t = 3939210. Is h prime?
False
Let p = -22278 + 61081. Is p a prime number?
True
Let l(s) = -s**2 - 2*s. Let u be l(-1). Let x(k) = 5449*k**3 - 3*k**2 - k + 2. Is x(u) prime?
False
Suppose 2*d - 4*r = 1151 + 49, 2448 = 4*d + 4*r. Suppose o + 4*j = 3361, 14112 = 4*o + j + d. Is o a composite number?
True
Let x be 8169/27 + 28/63. Suppose 308*a - x*a = 5755. Is a a composite number?
False
Suppose 5*d - 2712 = 2*d. Suppose -18 = 3*s - 3*i - 0, 3*s - 5*i + 28 = 0. Is d/14 + s/((-28)/12) prime?
False
Suppose 3*b = 3*b - 4*b. Let n(w) = 8*w. Let i be n(b). Suppose i = 2*u - 7*u - 2*s + 553, -5*u + 561 = 4*s. Is u prime?
True
Let l(s) = -s**3 + 6*s**2 + s - 4. Let p be l(6). Suppose 0 = -3*q + 2*q - p*r + 19, 2*q + 3*r - 40 = 0. Suppose 0 = -q*c + 28*c - 725. Is c composite?
True
Suppose s = -4*f - 2*s - 2, -f - 9 = 5*s. Let g(i) = 4964*i - 1. Let l be g(f). Suppose -4*z + u + l = 0, -3*z + 4*u + 4467 = 748. Is z a prime number?
False
Let h(u) be the third derivative of -u**6/30 - u**5/30 + u**4/8 + 13*u**3/6 - u**2. Let q be 24/(-54) + -5 + (-10)/18. Is h(q) composite?
False
Let r(l) = l + 1543. Let h(y) = -y**3 - 10*y**2 + 13*y - 16. Let n be h(-11). Let c = 38 + n. Is r(c) a composite number?
False
Let h(d) = -3*d**2 + 24*d + 116843. Is h(0) prime?
False
Is 4/(-30) + (-151769338)/(-2010) composite?
True
Is (175 + -2)/((-220)/(-2915))*16/4 a composite number?
True
Suppose -11*s + 71887 = -8*s + 4*g, 95886 = 4*s - 2*g. Is s a composite number?
True
Suppose -45353*c = -45387*c + 7101818. Is c prime?
True
Suppose 2*y + 3 = c + 7, -3*y = c - 6. Suppose -y*n = -q + 5*q - 24090, 4*n - q = 48225. Suppose 3*m + 2*m = n. Is m prime?
True
Let t(q) = -2*q + 22. Let b be t(-6). Is (17/b)/((-1)/(-590)) a composite number?
True
Let q(j) = -135*j + 1 - 22 - 2. Let i be q(-11). Suppose -2*a - i + 4736 = 0. Is a prime?
True
Let b = -75 + 57. Let w(y) = -4*y**3 - 36*y**2 + 17*y - 7. Is w(b) a composite number?
False
Is (-100222151)/(-335) + ((-16)/(-20) - 1)*-2 a prime number?
True
Let t(u) = 21*u + 4. Let i be t(-3). Let b = i + 56. Is 524/1 - (-4 - 3/b) a prime number?
False
Let b = 134509 - -752622. Is b a prime number?
False
Let a(h) = 14*h**2 - 112*h + 135. Is a(31) a prime number?
False
Let q be 730/6*(4 + 8). Let x = q + 273. Is x a prime number?
True
Suppose 0 = 3*l + 2458*q - 2459*q - 20125, -2*l = -q - 13414. Is l prime?
False
Let k(t) = 2*t - 65. Let d be k(37). Suppose -5*x - 4981 = 7*l - d*l, 0 = -2*l + 3*x + 4991. Is l a prime number?
True
Let a(d) = 26*d**3 - 9*d**2 - 4*d + 3. Let r be a(4). Is r/((-1)/(-4) + (-12)/(-16)) a prime number?
False
Let h = -3405 - -5106. Let g = h + -922. Is g prime?
False
Let x(z) = 2174*z**2 - 9*z - 40. Is x(-3) composite?
False
Suppose -45*s = 46*s - 2106013. Is s composite?
False
Suppose 0 = -4*y - 3*d + 123142, 44*y - 5*d = 39*y + 153945. Is y a prime number?
False
Let s be -8 + 9 - (2 + -5). Let q(w) = -w. Let r be q(s). Is 3 + (-68)/(4/r) composite?
False
Let h(n) be the third derivative of 5/8*n**4 + 7*n + 0 - 25/6*n**3 - n**2. Is h(14) a prime number?
False
Suppose -3*d + 290 = 2*x + 1674, 4*x = -d - 448. Suppose -3*y + 5*g - 4669 = 0, -3*y + 3*g = -1065 + 5742. Let q = d - y. Is q composite?
True
Let w(u) = 2*u + 19. Suppose 16*i - 18 = 14*i. Let y be w(i). Suppose y - 812 = -5*r - 5*f, 4*f = 3*r - 486. Is r a composite number?
True
Let q = -61 - -49. Let c be -5 - (-1 + q/(-4)). Is ((-521)/(-2))/(4 + c/2) a prime number?
True
Let z = -104 + 135. Suppose 0*j = -v + 3*j - 1, 5*v = -3*j + z. Suppose 0 = 9*q + v*q - 8246. Is q composite?
True
Let r(i) = 66*i + 66*i - 127*i + 181 - i**2 + 0*i**2. Let f be 0 - -1 - (0 + 1). Is r(f) composite?
False
Let s = 162 - 170. Let l(u) = -488*u - 23. Is l(s) composite?
False
Suppose 1295 = -5*y - 5*x, -4*x - 1275 = 5*y - 3*x. Is (y/8)/(3*(-3)/36) a composite number?
False
Suppose -53*y - 15 = -58*y. Suppose 0 = y*q + 7*q - 20. Suppose -438 = -4*d - l, -q*d - 6*l + 222 = -4*l. Is d composite?
False
Suppose 3*h - 2*v = 364727, 5*h - 10*h + 607841 = 2*v. Is h prime?
True
Let n(c) = -190*c - 357. Let r(a) = a**3 + 11*a**2 - a - 37. Let u be r(-11). Is n(u) a prime number?
True
Suppose -2618013 + 16409217 = 98*p - 18388174. Is p prime?
False
Suppose 62*g = -9408 + 24636 + 59234. Is g a prime number?
True
Let n(f) = f**3 - 3*f**2 - f + 6. Let a be n(3). Suppose 0 = a*u - 15156 - 31347. Is u prime?
False
Let h(m) be the third derivative of 85*m**4/6 + 47*m**3/2 - 28*m**2. Is h(10) composite?
False
Let c = 159015 + -61142. Is c composite?
True
Suppose -5 = -5*g - 5*r, -9*g = -14*g + 4*r + 5. Let q(w) = 210*w - 7. Is q(g) a composite number?
True
Suppose 29*h - 3710325 = 3310604. Is h composite?
False
Suppose 0 = 25*s + 24*s - 1431437. Is s prime?
False
Let j = -170247 + 672464. Is j composite?
False
Let m be (-29583)/(-24) - 3 - (-6)/16. Suppose 0 = -5*n + 3*u - m, 0*n - 4*u - 767 = 3*n. Let i = 1240 + n. Is i composite?
False
Suppose 2*u - 35 = r, u + 0*r = -r + 25. Suppose -377 = u*i - 5397. Is i prime?
True
Let k = -63 - -83. Suppose 17*o - k*o - 288 = 0. Let q = 139 + o. Is q prime?
True
Let r = -176 - -86. Let u be 108/r*(-5)/2. Suppose 105 + 150 = u*g. Is g a composite number?
True
Suppose -5*t - 138665 = -y - 31823, -3*y + 5*t = -320516. Is y a prime number?
False
Let v(d) = 4*d**3 - 6*d**2 + 9*d - 5. Let j(i) = -12*i + 5*i**3 + 3*i**3 - 7*i**3 + 11*i**2 + 4. Let w be j(-12). Is v(w) prime?
True
Let z be (-7 + 0 - -5)/2. Is (z/3)/(18/(-99738)) prime?
True
Let s = 149 + -139. Is (s - 9)*2 - (0 - 4677) a prime number?
True
Let m(l) = -1090*l + 3763. Is m(-12) prime?
True
Let i(v) = 3*v**2 - 7*v - 3. Let x = -45 - -48. Let k be i(x). Is k*(3/1 - 2) prime?
True
Suppose 4*v - 33416 = -2*w, -5*v + 87*w - 91*w + 41773 = 0. Is v a composite number?
False
Suppose 0 = -4*v + 5*w - 35, 20 = -v - w - 0*w. Is 1*((-3)/15 - 24828/v) composite?
True
Suppose 2*v = -p + 28, 88 = 4*p + v - 10. Suppose y = 4*o - 8, o = -4*y - 5 + p. Suppose -975 = -5*i + 5*t, 4*i = -o*t - 2*t + 816. Is i prime?
True
Suppose 6*b - 88922 = 2*b - 3*d, 0 = -2*b + 4*d + 44450. Is b a composite number?
False
Let y = -4436 - -7999. Is y composite?
True
Suppose -195 = -7*y + 253. Let x = -62 + y. Suppose -h + 336 = j, -x*h - j + 2*j = -657. Is h composite?
False
Is (42/(-10))/(((-270)/75)/6) - -100350 a prime number?
True
Suppose -29*k - 50 = -4*k. Let f(g) = 2416*g**2 + 5*g + 7. Is f(k) a prime number?
True
Suppose 0 = 12*h + 8*h - 5*h - 1755555. Is h a prime number?
True
Suppose 0 = -24*j + 26*j. Let m = 210 + 3392. Suppose j = 4*a + m - 12614. Is a a prime number?
False
Suppose -4*h + 4*m = -51408, -4*h - 5*m + 55386 = 4005. Suppose h + 6140 = 17*v. Is v a composite number?
False
Suppose 0 = 5*q + 4*a - 8, 0 = q - 2*q - 4*a + 8. Suppose q*t - 140 = -4*t. Is t a composite number?
True
Suppose 803*s - 835*s + 22086560 = 0. Is s a prime number?
False
Let s = -58814 - -84135. Is s a prime number?
True
Suppose 38*a - 40*a = 18. Let m(k) = -8339*k - 88. Is m(a) composite?
True
Let t = 12494 - 2904. Let w = 16299 - t. Is w prime?
True
Suppose 0 = 7*t + 49393 - 185123. Let r = t + -13152. Is r a composite number?
True
Let m = -35 + 47. Suppose 136 = m*k - 56. Is 792/10 - (k/4)/20 composite?
False
Suppose -4*q - 2*p = -40483 - 4899, q = p + 11338. Let w = -4937 + q. Is w a prime number?
False
Let g = 12001 - -18730. Is g a prime number?
False
Let l be ((-92)/10)/((-53)/(-1590)). Is (8 + l/36)/(2/474) composite?
False
Let k = -296378 - -662011. Is k a prime number?
False
Let m(q) = -2*q**3 - 55*q**2 + 75*q + 70. Let o be m(-29). Let t be (-2 + 20)*11/(-2). Let y = t + o. Is y prime?
False
Let f = 558 - 701. Let a = 1984 - 1090. Let t = f + a. Is t prime?
True
Suppose -48*u + 46*u = -2*q + 218412, 0 = q + 5*u - 109212. Is q composite?
True
Suppose 21*l - 24*l + 2075993 = -4*g, -1384018 = -2*l - 3*g. Is l a composite number?
True
Let i(k) = 17*k**2 + 2*k - 4. Let p be i(8). Suppose 1405 + 4562 = 9*w. Let v = p - w. Is v composite?
True
Suppose 2*c = -5*d + 10542731, -4*c = 5*d - 2056135 - 8486602. Is d a prime number?
False
Let w(b) = -b**3 + 29*b**2 - 29*b + 16. Let f be w(22). Let q = f - -4545. Is q